r of 429114938 and 574?
574
What is the greatest common divisor of 471675 and 3819?
57
What is the greatest common factor of 376 and 323431252?
188
Calculate the highest common divisor of 6675660 and 720.
180
Calculate the greatest common factor of 186180 and 5778.
642
What is the greatest common divisor of 2355457896 and 24?
24
What is the highest common divisor of 13508390 and 1820?
70
Calculate the greatest common factor of 1468240 and 520.
40
Calculate the greatest common factor of 86629785 and 330.
165
What is the greatest common divisor of 899 and 599546?
29
Calculate the greatest common factor of 992 and 488552.
8
Calculate the greatest common divisor of 265867557 and 371.
53
Calculate the highest common divisor of 25446691 and 2542.
1271
What is the greatest common factor of 2268486 and 43821?
81
What is the highest common factor of 62483925 and 18105?
255
What is the greatest common factor of 528 and 5944818?
66
Calculate the greatest common divisor of 758460903 and 69.
69
What is the greatest common factor of 746683992 and 1548?
1548
What is the highest common factor of 295 and 23315915?
295
Calculate the greatest common factor of 571445 and 404985.
1015
What is the greatest common factor of 454 and 80546?
2
Calculate the greatest common divisor of 228444 and 1416.
12
What is the greatest common factor of 29469242 and 2255?
451
Calculate the highest common factor of 205 and 9063337.
41
What is the greatest common divisor of 157617 and 217963?
211
Calculate the highest common factor of 2244 and 4364844.
132
Calculate the highest common divisor of 3619966 and 14.
14
Calculate the greatest common factor of 20110626 and 54.
54
Calculate the greatest common factor of 11679 and 109920.
687
Calculate the greatest common divisor of 8252020 and 28.
28
Calculate the greatest common divisor of 39333 and 1728.
3
What is the highest common divisor of 10 and 81915188?
2
What is the greatest common factor of 2248 and 3366099?
281
Calculate the greatest common factor of 15 and 85963845.
15
Calculate the highest common factor of 335446520 and 235.
235
What is the greatest common divisor of 7790 and 2638022?
82
Calculate the highest common divisor of 82676 and 73194.
22
What is the highest common factor of 12763 and 6559?
1
Calculate the highest common factor of 399 and 618324.
21
Calculate the greatest common factor of 37 and 103017398.
37
Calculate the greatest common divisor of 96 and 3987804.
12
Calculate the highest common factor of 1958016 and 336.
48
Calculate the greatest common divisor of 2091736 and 2216.
8
What is the greatest common divisor of 11 and 25919333?
11
Calculate the greatest common divisor of 50598 and 44759553.
2811
Calculate the highest common factor of 19940500 and 50.
50
Calculate the greatest common divisor of 73332 and 16102.
194
What is the greatest common divisor of 20643 and 2472645?
21
What is the greatest common divisor of 3200012 and 28?
4
What is the highest common divisor of 1395152 and 2486?
22
Calculate the highest common divisor of 60 and 1287380.
20
Calculate the greatest common factor of 710 and 28587795.
355
What is the highest common divisor of 138 and 659761026?
138
What is the highest common divisor of 98284123 and 68?
17
What is the highest common factor of 20367 and 3870387?
657
Calculate the highest common factor of 177112 and 240994.
338
Calculate the greatest common divisor of 95160 and 45630.
390
What is the greatest common divisor of 23702 and 204974?
14
Calculate the greatest common factor of 2690490 and 4960.
310
What is the highest common factor of 20320514 and 5276?
2638
What is the highest common divisor of 241 and 17768207?
241
Calculate the highest common divisor of 2944 and 3872096.
736
Calculate the greatest common factor of 3932 and 6572338.
1966
What is the highest common divisor of 222943322 and 4018?
574
Calculate the highest common factor of 2512470 and 282.
6
What is the greatest common divisor of 77796 and 2214?
18
Calculate the highest common divisor of 7750005 and 35.
5
What is the highest common factor of 2305062 and 2826?
18
Calculate the highest common factor of 1926 and 15836.
214
What is the highest common divisor of 765297416 and 65?
13
Calculate the greatest common divisor of 11085 and 405105.
15
Calculate the greatest common factor of 19 and 117348579.
19
What is the highest common divisor of 91968 and 3244746?
2874
Calculate the greatest common divisor of 5235254 and 13746.
58
What is the greatest common divisor of 2845 and 318220647?
569
What is the greatest common factor of 465260 and 62215?
2705
What is the highest common divisor of 9035864 and 18568?
1688
What is the highest common divisor of 564246 and 22962?
258
What is the greatest common divisor of 165727812 and 48?
12
Calculate the highest common divisor of 59 and 15662081.
59
What is the greatest common divisor of 2290308 and 6205?
17
Calculate the highest common factor of 17549 and 34335.
763
Calculate the highest common factor of 483320 and 375416.
2248
Calculate the greatest common divisor of 15245796 and 996.
12
What is the greatest common divisor of 177798 and 729?
3
Calculate the highest common factor of 55958 and 670925.
571
What is the greatest common factor of 257304 and 135598?
302
What is the greatest common divisor of 76674879 and 2157?
2157
What is the greatest common factor of 2800658634 and 114?
114
What is the highest common divisor of 462856 and 165064?
376
Calculate the greatest common divisor of 41570 and 12906.
2
Calculate the highest common divisor of 672 and 4090968.
168
Calculate the greatest common divisor of 524528 and 23152.
16
Calculate the highest common divisor of 158 and 1287779.
79
What is the highest common divisor of 657246 and 2904?
6
Calculate the highest common factor of 1572 and 457584.
12
What is the highest common divisor of 759 and 20580219?
33
Calculate the greatest common divisor of 36819132 and 84.
84
What is the highest common factor of 168018 and 28028271?
2049
What is the highest common divisor of 8588459 and 363?
121
Calculate the greatest common factor of 21482766 and 486.
54
What is the highest common factor of 1610076 and 1404?
156
What is the greatest common factor of 253345680 and 441?
441
Calculate the greatest common divisor of 46 and 53128620.
46
What is the greatest common divisor of 179616642 and 19143?
2127
Calculate the highest common factor of 267156 and 50.
2
Calculate the highest common divisor of 38989 and 1241044.
127
What is the highest common divisor of 23 and 44736196?
23
What is the highest common divisor of 822990 and 670?
10
Calculate the highest common factor of 292218 and 42.
6
Calculate the greatest common divisor of 2651294 and 430.
86
Calculate the highest common factor of 979775770 and 3813.
1271
What is the greatest common divisor of 81818 and 28160?
22
Calculate the highest common factor of 17463555 and 68103.
9729
What is the highest common divisor of 104144 and 555812?
1132
What is the highest common factor of 75 and 550565?
5
What is the greatest common factor of 408 and 99325254?
102
Calculate the greatest common divisor of 775842 and 2101.
191
Calculate the highest common factor of 92525 and 9925.
25
What is the greatest common factor of 7755 and 862125?
165
What is the highest common factor of 264249336 and 520?
104
What is the greatest common divisor of 13884 and 38151452?
356
What is the highest common divisor of 782347127 and 458?
229
Calculate the greatest common factor of 20127598 and 5990.
1198
What is the greatest common divisor of 67 and 5151?
1
What is the greatest common factor of 694849517 and 17?
17
Calculate the highest common factor of 1700 and 214260775.
425
What is the greatest common factor of 1645 and 36235402?
329
What is the highest common divisor of 130720760 and 12160?
760
What is the highest common factor of 44491275 and 5400?
675
Calculate the highest common factor of 9542090 and 20.
10
Calculate the highest common factor of 979795 and 13155.
5
What is the highest common divisor of 464 and 245536?
16
Calculate the highest common divisor of 17833812 and 7552.
236
What is the highest common divisor of 478 and 3554?
2
What is the greatest common divisor of 256 and 6358864?
16
What is the greatest common f